038203?
3
What is the millions digit of 2545775?
2
What is the ten thousands digit of 116238?
1
What is the hundreds digit of 3390184?
1
What is the ten millions digit of 12659872?
1
What is the units digit of 161849?
9
What is the hundreds digit of 256072?
0
What is the millions digit of 4321943?
4
What is the units digit of 7546853?
3
What is the tens digit of 698321?
2
What is the millions digit of 2005116?
2
What is the ten thousands digit of 236717?
3
What is the hundred thousands digit of 267073?
2
What is the thousands digit of 3115734?
5
What is the hundred thousands digit of 534385?
5
What is the ten thousands digit of 14665525?
6
What is the tens digit of 687394?
9
What is the tens digit of 322285?
8
What is the tens digit of 1083619?
1
What is the ten thousands digit of 739460?
3
What is the hundred thousands digit of 574052?
5
What is the units digit of 332355?
5
What is the hundreds digit of 957178?
1
What is the hundreds digit of 2541734?
7
What is the hundreds digit of 41280?
2
What is the units digit of 238190?
0
What is the millions digit of 1637410?
1
What is the tens digit of 13375540?
4
What is the ten thousands digit of 191968?
9
What is the thousands digit of 146727?
6
What is the hundreds digit of 922160?
1
What is the units digit of 103418?
8
What is the hundreds digit of 945171?
1
What is the ten thousands digit of 235637?
3
What is the hundred thousands digit of 1060004?
0
What is the ten thousands digit of 7207553?
0
What is the hundred thousands digit of 17336001?
3
What is the thousands digit of 1094572?
4
What is the hundreds digit of 7313072?
0
What is the tens digit of 663175?
7
What is the hundreds digit of 262145?
1
What is the hundreds digit of 16441968?
9
What is the thousands digit of 334168?
4
What is the hundred thousands digit of 12797927?
7
What is the hundred thousands digit of 2373249?
3
What is the hundreds digit of 8273465?
4
What is the units digit of 1757942?
2
What is the millions digit of 1844725?
1
What is the hundreds digit of 347552?
5
What is the tens digit of 36416392?
9
What is the ten thousands digit of 1726279?
2
What is the units digit of 340491?
1
What is the thousands digit of 2553686?
3
What is the ten millions digit of 17663094?
1
What is the millions digit of 8149589?
8
What is the thousands digit of 20229496?
9
What is the tens digit of 533658?
5
What is the tens digit of 1498988?
8
What is the tens digit of 662465?
6
What is the units digit of 249740?
0
What is the hundreds digit of 99019?
0
What is the millions digit of 4786637?
4
What is the hundreds digit of 704903?
9
What is the units digit of 6098818?
8
What is the tens digit of 958192?
9
What is the hundred thousands digit of 29725549?
7
What is the hundreds digit of 540444?
4
What is the ten thousands digit of 110913?
1
What is the ten thousands digit of 1666328?
6
What is the hundred thousands digit of 243136?
2
What is the hundred thousands digit of 201340?
2
What is the units digit of 401100?
0
What is the thousands digit of 6654166?
4
What is the hundreds digit of 94495?
4
What is the millions digit of 1597781?
1
What is the hundreds digit of 963429?
4
What is the units digit of 379323?
3
What is the tens digit of 688831?
3
What is the tens digit of 30133258?
5
What is the hundred thousands digit of 1040327?
0
What is the tens digit of 155140?
4
What is the ten thousands digit of 7239801?
3
What is the tens digit of 129937?
3
What is the thousands digit of 251590?
1
What is the units digit of 9353142?
2
What is the hundred thousands digit of 5421648?
4
What is the tens digit of 2127791?
9
What is the tens digit of 15432?
3
What is the units digit of 225546?
6
What is the ten thousands digit of 167221?
6
What is the hundreds digit of 9638211?
2
What is the thousands digit of 77430?
7
What is the tens digit of 215179?
7
What is the thousands digit of 224481?
4
What is the thousands digit of 1506120?
6
What is the hundred thousands digit of 2941166?
9
What is the tens digit of 52932?
3
What is the thousands digit of 1873488?
3
What is the units digit of 30182171?
1
What is the thousands digit of 397269?
7
What is the thousands digit of 3277733?
7
What is the hundreds digit of 21146067?
0
What is the hundred thousands digit of 3869805?
8
What is the hundred thousands digit of 209853?
2
What is the units digit of 68188?
8
What is the thousands digit of 1778442?
8
What is the ten thousands digit of 22259732?
5
What is the ten thousands digit of 134696?
3
What is the ten thousands digit of 41277?
4
What is the hundred thousands digit of 418706?
4
What is the ten thousands digit of 26128901?
2
What is the millions digit of 1225334?
1
What is the ten thousands digit of 4290286?
9
What is the tens digit of 36534480?
8
What is the hundred thousands digit of 397239?
3
What is the hundreds digit of 215882?
8
What is the thousands digit of 341725?
1
What is the tens digit of 855444?
4
What is the millions digit of 13766943?
3
What is the ten millions digit of 18475430?
1
What is the hundreds digit of 5791302?
3
What is the thousands digit of 25756004?
6
What is the tens digit of 5114898?
9
What is the tens digit of 1642216?
1
What is the units digit of 2064635?
5
What is the tens digit of 102970?
7
What is the hundred thousands digit of 2980043?
9
What is the units digit of 260958?
8
What is the units digit of 256673?
3
What is the hundreds digit of 57254?
2
What is the ten thousands digit of 19618785?
1
What is the units digit of 1840440?
0
What is the hundreds digit of 2675653?
6
What is the ten thousands digit of 5115032?
1
What is the units digit of 3838501?
1
What is the units digit of 335434?
4
What is the tens digit of 683130?
3
What is the hundred thousands digit of 988874?
9
What is the thousands digit of 19826?
9
What is the ten thousands digit of 176606?
7
What is the thousands digit of 129931?
9
What is the ten thousands digit of 3951816?
5
What is the units digit of 2400114?
4
What is the units digit of 301834?
4
What is the tens digit of 1286643?
4
What is the thousands digit of 96921?
6
What is the hundreds digit of 237996?
9
What is the tens digit of 611363?
6
What is the hundreds digit of 789304?
3
What is the hundreds digit of 38329?
3
What is the ten thousands digit of 341486?
4
What is the hundred thousands digit of 173595?
1
What is the thousands digit of 585532?
5
What is the hundreds digit of 28313867?
8
What is the thousands digit of 690595?
0
What is the tens digit of 338864?
6
What is the hundred thousands digit of 12307466?
3
What is the tens digit of 505702?
0
What is the hundred thousands digit of 354929?
3
What is the tens digit of 3983493?
9
What is the tens digit of 122182?
8
What is the units digit of 2296?
6
What is the hundreds digit of 278698?
6
What is the ten thousands digit of 2105489?
0
What is the tens digit of 11284644?
4
What is the thousands digit of 5679922?
9
What is the hundred thousands digit of 1182486?
1
What is the millions digit of 1302263?
1
What is the thousands digit of 26543610?
3
What is the millions digit of 6035256?
6
What is the units digit of 101548?
8
What is the hundred thousands digit of 4008366?
0
What is the hundreds digit of 14251736?
7
What is the ten thousands digit of 8489859?
8
What is the tens digit of 5300286?
8
What is the millions digit of 4686793?
4
What is the ten thousands digit of 47451?
4
What is the tens digit of 3247532?
3
What is the millions digit of 5128996?
5
What is the tens digit of 182939?
3
What is the thousands digit of 7940184?
0
What is the thousands digit of 3910514?
0
What is the hundreds digit of 529207?
2
What is the tens digit of 9720263?
6
What is the units digit of 264146?
6
What is the hundred thousands digit of 892940?
8
What is the hundreds digit of 779060?
0
What is the units digit of 18550?
0
What is the millions digit of 1377446?
1
What is the tens digit of 44719?
1
What is the tens digit of 532729?
2
What is the millions digit of 2055393?
2
What is the ten thousands digit of 2210299?
1
What is the units digit of 5147331?
1
What is the ten thousands digit of 1516236?
1
What is the tens digit of 384418?
1
What is the tens digit of 2871609?
0
What is the hundred thousands digit of 3223242?
2
What is the units digit of 7902616